of 1144 and 292292?
572
Calculate the greatest common divisor of 45 and 1240.
5
What is the greatest common divisor of 1251822 and 66?
66
What is the greatest common factor of 982 and 18167?
491
Calculate the greatest common divisor of 220 and 69740.
220
Calculate the highest common factor of 49744 and 80.
16
What is the greatest common divisor of 26389 and 297?
11
What is the greatest common divisor of 22876 and 476?
28
Calculate the greatest common divisor of 21762 and 1147.
31
Calculate the highest common divisor of 3515 and 1577.
19
Calculate the highest common factor of 32844 and 2676.
12
Calculate the greatest common divisor of 719940 and 260.
260
What is the highest common factor of 80240 and 120?
40
What is the highest common divisor of 66 and 787677?
33
What is the highest common divisor of 193657 and 31?
31
What is the highest common divisor of 49822 and 6844?
58
Calculate the highest common factor of 4347 and 8901.
207
What is the highest common factor of 153 and 1881?
9
What is the greatest common divisor of 249805 and 20?
5
What is the greatest common divisor of 377 and 14645?
29
What is the greatest common divisor of 1041 and 4479?
3
Calculate the greatest common factor of 8163 and 18.
9
What is the highest common factor of 344 and 275716?
172
Calculate the highest common divisor of 278110 and 190.
10
Calculate the greatest common factor of 198 and 258.
6
What is the highest common divisor of 867 and 109701?
51
What is the highest common factor of 646 and 322848?
38
What is the highest common factor of 143824 and 909?
101
Calculate the greatest common factor of 97 and 53.
1
What is the highest common factor of 38624 and 24424?
568
What is the greatest common divisor of 48 and 299424?
48
Calculate the highest common factor of 336600 and 220.
220
What is the greatest common divisor of 57222 and 132?
66
What is the highest common divisor of 594 and 79068?
66
Calculate the greatest common divisor of 72900 and 350.
50
What is the greatest common divisor of 3130 and 3420?
10
Calculate the greatest common factor of 24146305 and 181.
181
Calculate the highest common factor of 495 and 26715.
15
What is the greatest common factor of 25142 and 26?
26
Calculate the highest common divisor of 1093450 and 304.
38
What is the highest common divisor of 433392 and 72?
24
Calculate the highest common divisor of 212295 and 15.
15
Calculate the highest common factor of 41363 and 5453.
133
What is the greatest common factor of 28050 and 1925?
275
What is the highest common factor of 9918 and 27666?
522
What is the highest common divisor of 33 and 4317?
3
Calculate the highest common divisor of 73 and 23506.
73
Calculate the greatest common divisor of 15616 and 10492.
244
What is the greatest common divisor of 14 and 1884400?
14
Calculate the highest common divisor of 82 and 64903.
41
What is the highest common factor of 737 and 8569?
11
Calculate the greatest common factor of 113512 and 14.
14
Calculate the greatest common divisor of 13884 and 174796.
356
What is the greatest common factor of 25489 and 18247?
71
What is the greatest common factor of 252 and 21636?
36
What is the highest common divisor of 24 and 540376?
8
Calculate the highest common factor of 150064 and 64.
16
Calculate the highest common factor of 420201 and 18.
9
What is the greatest common divisor of 338 and 5603?
13
Calculate the greatest common factor of 10914 and 12.
6
What is the greatest common factor of 1207 and 1530?
17
Calculate the highest common factor of 810 and 55290.
30
What is the highest common divisor of 1750 and 87976?
14
What is the highest common divisor of 6882 and 149628?
222
What is the highest common divisor of 1334 and 4899?
23
Calculate the highest common divisor of 908 and 2043.
227
Calculate the highest common factor of 2325994 and 33.
11
Calculate the highest common divisor of 666 and 415362.
222
Calculate the greatest common factor of 1107 and 162.
27
What is the highest common divisor of 413 and 3801?
7
What is the highest common factor of 23800 and 18865?
35
Calculate the greatest common divisor of 270 and 94014.
54
Calculate the highest common factor of 264545 and 10205.
785
What is the greatest common factor of 219 and 94827?
219
What is the highest common divisor of 196 and 2236?
4
Calculate the highest common factor of 1178 and 19190.
38
What is the highest common factor of 19155 and 5?
5
What is the highest common factor of 247307 and 223?
223
What is the highest common divisor of 688 and 352600?
344
Calculate the greatest common divisor of 21047 and 1898.
13
Calculate the highest common divisor of 21 and 76573.
7
What is the highest common divisor of 10032 and 429?
33
Calculate the greatest common divisor of 157821 and 5115.
93
What is the highest common divisor of 3029 and 25571?
13
Calculate the greatest common factor of 110 and 78.
2
Calculate the greatest common factor of 18 and 25875.
9
What is the greatest common factor of 1263 and 159559?
421
What is the highest common divisor of 145 and 15201365?
145
Calculate the highest common divisor of 400 and 9616.
16
Calculate the highest common divisor of 1986703 and 58.
29
Calculate the greatest common factor of 205984 and 157.
157
Calculate the greatest common divisor of 128 and 274312.
8
What is the highest common divisor of 5405 and 72145?
235
Calculate the greatest common divisor of 4905 and 360.
45
What is the highest common divisor of 291 and 1191?
3
What is the greatest common factor of 561857 and 178?
89
Calculate the highest common factor of 3255 and 556080.
105
Calculate the highest common factor of 16541 and 21.
7
Calculate the highest common factor of 60 and 14325.
15
What is the greatest common factor of 50 and 1572150?
50
Calculate the greatest common divisor of 490 and 22120.
70
What is the highest common divisor of 636 and 1596?
12
What is the greatest common divisor of 86184 and 2534?
14
Calculate the greatest common divisor of 225 and 125505.
45
What is the greatest common divisor of 3680 and 295780?
460
Calculate the greatest common divisor of 3949 and 37695.
359
Calculate the highest common divisor of 203475 and 750.
75
What is the highest common divisor of 57132 and 36?
36
What is the greatest common factor of 256 and 12528?
16
What is the greatest common divisor of 440 and 139260?
220
Calculate the greatest common divisor of 45175 and 1417.
13
What is the highest common factor of 80290 and 2945?
155
Calculate the greatest common factor of 45 and 299430.
45
Calculate the highest common divisor of 1737 and 43811.
193
Calculate the greatest common divisor of 16703 and 3.
1
Calculate the greatest common factor of 112 and 72674.
14
Calculate the highest common divisor of 588 and 3396.
12
What is the highest common factor of 85 and 31671?
17
What is the highest common divisor of 3547460 and 30?
10
What is the highest common factor of 589533 and 7?
7
What is the highest common factor of 131776 and 116?
116
Calculate the greatest common divisor of 1725 and 17871.
69
Calculate the greatest common divisor of 9666 and 252.
18
Calculate the highest common divisor of 10207 and 178363.
173
What is the greatest common divisor of 40117 and 2849?
77
Calculate the greatest common factor of 584304 and 259.
259
Calculate the highest common divisor of 98 and 3514.
14
Calculate the greatest common factor of 1246 and 749024.
178
What is the highest common factor of 328 and 139523?
41
What is the highest common divisor of 1160 and 2360?
40
What is the highest common divisor of 79 and 2449?
79
What is the highest common factor of 511 and 3934189?
511
What is the highest common divisor of 15134 and 278992?
658
Calculate the greatest common factor of 52 and 5188.
4
What is the highest common divisor of 333 and 129981?
111
What is the highest common divisor of 1136 and 227626?
142
What is the greatest common factor of 32 and 2304912?
16
Calculate the highest common factor of 1122444 and 342.
342
What is the highest common divisor of 1078 and 53438?
154
Calculate the greatest common divisor of 3050 and 1586.
122
Calculate the greatest common divisor of 750443 and 933.
311
What is the highest common factor of 497648 and 304?
304
What is the highest common factor of 309452 and 429?
143
Calculate the 